 digit of t?
3
Let u = -12 - -8. Let y be (-6)/u + 2/4. What is the units digit of (-18)/(-3) - 2 - y?
2
Let a = -33 - -56. What is the tens digit of a?
2
Let q = 4 - 4. Suppose 0 = -q*d + 4*d - 148. Suppose 3 = -3*y - 5*z + 14, -5*y + d = -z. What is the units digit of y?
7
Suppose -23 = -f - 5*v, 0*f - 3*v - 15 = -3*f. What is the units digit of 693/28 + 2/f?
5
Suppose -58 - 64 = -2*o. What is the tens digit of o?
6
Suppose -4*p + 4*y = -520, -p - 2*y - 2*y + 130 = 0. What is the hundreds digit of p?
1
Let v(p) = p**2 - 7*p + 9. Let r be v(6). Suppose -13 - r = -4*x. Suppose b + 5*m - m - 18 = 0, -x*m = -12. What is the units digit of b?
6
Suppose 17 = 2*t - 9. Suppose 2*c = -t - 5. Let w(h) = h**2 + 9*h + 6. What is the units digit of w(c)?
6
Let q = 79 - -21. What is the units digit of q?
0
Suppose 0 = -9*g + 112 + 437. What is the units digit of g?
1
What is the tens digit of 2/7 + 164/14?
1
Suppose 20 = 5*z - 2*r, 3*r = 6 + 9. Suppose -z = -5*m - 1. What is the units digit of m?
1
Let t = 29 - 0. Let c = 70 - t. What is the tens digit of c?
4
Let o(k) = 3*k + 1. Suppose 4*i - 23 + 3 = 0. What is the tens digit of o(i)?
1
Suppose 8 + 0 = 4*z. What is the units digit of z/((-2)/(-3)) + 14?
7
Suppose 0 = -b + 6*b - 95. Let w = b - 10. Suppose -j - 38 = -5*v, -2*v + 4*j = -5*v + w. What is the units digit of v?
7
Let x be -1 + (1*18)/2. Let b = x - 4. Suppose -p + 5*n = 2*n - 20, b*n = -2*p. What is the units digit of p?
8
Let x(w) = -2*w**3 - 3*w**2 + 11*w - 5. What is the units digit of x(-5)?
5
Let c = -9 - -9. Suppose c*v = v - 24. What is the units digit of v?
4
Suppose 0 = -o + 2 - 1. Let l = 1 + o. Suppose -l*s = 3*b - 1 + 10, 5*b = -25. What is the units digit of s?
3
Let n(x) be the second derivative of -x**5/20 + 3*x**4/4 - 4*x**3/3 + 5*x**2/2 + x. What is the units digit of n(8)?
5
What is the units digit of -3*(-2)/2*258/9?
6
Let y(r) = 9*r - 2. Let o be y(2). Suppose -x + o = 3*x. What is the units digit of x?
4
Let y = 17 - 11. Let w(q) = -q**2 + 5*q + 2. Let k be w(y). What is the units digit of ((-2)/k)/(2/12)?
3
Let w be 0*2/4*1. Let v = 11 + w. What is the tens digit of v?
1
Let s(x) = -x**3 + 6*x**2 + 7*x + 2. Let y be s(6). Suppose -2*o + 4*r = -0*r - 50, 2*r - y = -2*o. What is the units digit of o?
3
Let r = 59 - 30. Let c = r + -9. What is the units digit of c?
0
Let g(r) = r**2 - 4*r + 6. What is the tens digit of g(5)?
1
Suppose 9 = -a + 3. Let z be a/8*(1 + -5). What is the tens digit of ((-30)/(-4))/(z/4)?
1
Let g(u) = 3*u**2 + u. Let o be g(-1). Let n(t) = t**2 - t. Let k be n(o). Suppose k*f + 0*f = -2*c + 4, 40 = 5*c - f. What is the units digit of c?
7
Let u(t) = 2*t**3 - 5*t**2 + 5*t - 2. What is the units digit of u(4)?
6
Let s be (-6)/4*8/6. Let q(y) = y. Let n(k) = -3*k. Let g(z) = n(z) - 4*q(z). What is the units digit of g(s)?
4
Suppose 35 = -5*d - 5*o, 0*o + 3*o + 24 = -4*d. Let l = -1 - d. Suppose -l*f + 5*q = -0*f - 17, 3*f + 2*q = 16. What is the units digit of f?
6
Let g(c) = 19*c**2 + 1. Let a be g(1). Let t = -10 + a. What is the tens digit of t?
1
Let i(q) = -q**2 - 8*q + 1. Let b be i(-7). Let p(v) = v**3 - 9*v**2 + 9*v + 6. What is the units digit of p(b)?
4
Let j(y) = -y**2 - 22*y - 15. What is the tens digit of j(-9)?
0
Suppose 0 = -5*x - 1 + 11. Suppose -x*v = -5*v + 138. What is the tens digit of v?
4
Let w = 0 + 1. Let b be 0 - ((-2)/w + 2). Suppose -i + y + 12 = b, -7*i + 2*i = y - 60. What is the units digit of i?
2
Let y = -4 + -5. Let x = y - -14. What is the units digit of x?
5
Suppose 0 = q + 4*f + 15, -2*q - 5*f = q + 31. Let c = 24 + q. Suppose -5*u = 20, 3*d + c = -8*u + 3*u. What is the units digit of d?
1
Suppose 0*w + 4 = 2*w. Let g = w + 3. What is the units digit of g?
5
Let s = 241 - 137. Suppose 0*y + s = 4*v - 5*y, -3*v = 5*y - 43. What is the tens digit of v?
2
Suppose 10 - 42 = -2*s. What is the units digit of s?
6
Let x(u) = -5*u**3 + 1. Let o be x(1). What is the tens digit of (-1)/(-2) + (-82)/o?
2
Suppose -3*l + 5*l + 25 = 5*g, -g + 5 = 0. Let d be (l - (-3)/(-3))*-3. Suppose -z + 14 = d*c, 5*c = z - 2 + 20. What is the units digit of z?
2
Let j(i) = i**2 - 6*i + 5. Let z be j(4). Let a = z - -3. Let q = a - -3. What is the units digit of q?
3
Suppose -7*i + 23*i = 2880. What is the tens digit of i?
8
What is the units digit of (-245)/(-15) + (-2)/6?
6
Suppose -43*w = -39*w - 920. What is the tens digit of w?
3
Suppose -2*x = 5*z - 93, -3*x + 3*z + 86 + 1 = 0. What is the units digit of x?
4
Suppose 3*j = 2*j. Let h(o) = 3*o + j*o + o - 1. What is the units digit of h(1)?
3
Let g = -5 + -3. Let i = 9 + g. What is the units digit of i?
1
Let k = -11 - -130. Suppose 5*j = 31 + k. What is the tens digit of j?
3
Let g be 3 + -6 + 1 - 0. Let p = g - -18. What is the tens digit of p?
1
Let d be (28/(-8) - -2)*-50. Suppose -45 = -4*p + 11. Suppose -5*k = o - d, -5*o - p - 11 = 0. What is the units digit of k?
6
Suppose -4*t = -4*f - 0*t - 40, 0 = 5*f - 4*t + 51. Let b be 46/(-3) - 6/(-18). Let p = f - b. What is the units digit of p?
4
Let v = -11 + 9. Let c(n) = n - 3. Let t be c(0). Let d = v - t. What is the units digit of d?
1
Let j(p) = p**2 - 5*p + 4. Let q be j(3). What is the units digit of q + (-3 - -3) - -4?
2
Let q be ((-1)/2)/(2/(-24)). What is the units digit of (15/(-6))/((-3)/q)?
5
Let q = 86 + 8. What is the tens digit of q?
9
Let s = 17 + 11. What is the tens digit of s?
2
Let y(j) = j - 1. Let u be y(5). Suppose 4*z + 3*x - 218 = 0, 3*z - z = -u*x + 104. Suppose -2*t + z = 2*t. What is the units digit of t?
4
Let t(p) = 13*p**2 + p. Let r be t(2). Let f be r*(0 + 2/3). Suppose 3*a - 3 - f = 0. What is the units digit of a?
3
Suppose -5*p + 13 + 107 = 5*q, -15 = 3*p. What is the tens digit of q?
2
Let p be (-2)/(2 + (-4)/3). Let h = p - -6. Suppose -5*g = 0, -7*c + h*g = -3*c - 20. What is the units digit of c?
5
What is the tens digit of -5*(-1)/(20/112)?
2
Let l = -20 + 43. What is the units digit of l?
3
Let k(s) = -s + 1. What is the units digit of k(0)?
1
Let o = -39 - -84. What is the units digit of o?
5
Let v = 13 + -3. What is the tens digit of v?
1
Suppose 4*s = -0*s + 3*k + 451, -2*s - 3*k = -239. What is the units digit of s?
5
Suppose -8*s = -7*s + 3. Let r(q) be the third derivative of q**6/120 + q**5/20 - 5*q**4/24 - q**3/2 - 2*q**2. What is the units digit of r(s)?
2
Let s = 129 - 85. Let y = s + -12. What is the units digit of y?
2
Let i = -155 - -259. What is the units digit of i?
4
Let l be -2*3 + -6 + 8. Let q be (1*-1)/(1/(-6)). Let x = q + l. What is the units digit of x?
2
Let a(d) = d + 20. Let l be a(-15). Suppose c = 7 + l. What is the units digit of c?
2
Let x = -403 + 614. What is the units digit of x?
1
Suppose 4*s + 37 = -5*f - 13, 20 = -s - 5*f. Suppose 4 = r, 39 = 3*a - r - 2*r. Let n = a + s. What is the units digit of n?
7
Suppose -t - g = -4*t + 500, 837 = 5*t + 2*g. What is the units digit of t?
7
Suppose -2*x + 5*x = 12. What is the units digit of x?
4
What is the units digit of -3 - 7/((-14)/30)?
2
Let d(c) = -28*c. Let n be d(-1). Let a = n + -13. What is the units digit of a?
5
Suppose -3*g + 404 = 4*c, -2*g + 635 = 3*g - c. What is the hundreds digit of g?
1
Let m = -4 + 7. Suppose 2*b = -m*b + 80. What is the tens digit of b?
1
Suppose 0 = 3*m + 6*m - 990. What is the units digit of m?
0
Let j be ((-14)/6 + 1)*-3. Let p = j + 0. What is the units digit of p?
4
What is the units digit of 3*2/(-3) - -22?
0
Suppose 0 = v + 5*q - 23, 2*v + 2*v - 4*q = -28. Let u(p) = -6*p + 1. Let t be u(-1). Let i = v + t. What is the units digit of i?
5
Let a(y) = -7*y. What is the units digit of a(-3)?
1
What is the tens digit of 171/15 + 6/10?
1
Suppose -4 = -m - 2. Suppose m*c - 23 = -3*c + 2*p, -8 = 4*c + 5*p. Suppose -u + c*o + 5 = 7*o, -5*o = -2*u + 10. What is the units digit of u?
5
What is the tens digit of ((-116)/(-1))/((-20)/(-50))?
9
Let z = 53 - 21. Suppose 0 = 3*j - 15, 2*j + j + 175 = 5*k. Suppose -k - z = -5*t. What is the tens digit of t?
1
Suppose -g = 4*t + t - 1195, -3*g = t - 253. What is the units digit of t?
8
Suppose -26 = -g - 4*l, -g + 3*l + 20 = l. What is the tens digit of g?
2
Let r(n) = -n**3 - 5*n**2 + 6*n + 2. Let z be r(-6). Let k = 11 - 12. What is the units digit of (27/(k - z))/(-1)?
9
Let u be 